2 + -11 + (5 - -2). Give n(q).
9
Let i(a) = 2*a**3 + 5*a**2 + 4*a + 1. Let q be (144/(-28))/((-2)/7). Suppose -4*o + 5 = -3*k, 5 = 4*k + o + q. Let x be -1 + 1/(k/6). Calculate i(x).
-20
Suppose 10 = -5*y, -2*y - 8 = u + 2*y. Let h(m) be the first derivative of -1/2*m**2 - 13*m - 4. Determine h(u).
-13
Let q(r) = r**3 - 12*r**2 + 12*r - 14. Suppose 5*s = 4*o - 34, 51*o + 2*s = 56*o - 51. Give q(o).
-3
Let t(n) = -3 + 1 + 2*n + n**2 + 3. Let q be (162/12 - -6)*(-2 - 0). Let d = -43 - q. Determine t(d).
9
Let m = 50 - 58. Let j be (m/(-24))/(2/(-12)). Let l(b) = b**2 + 3*b + 3. Calculate l(j).
1
Let g(u) = -3*u + 9. Let v(x) = -3*x + 8. Let b(q) = 4*g(q) - 5*v(q). Let p be ((0 - 1) + -5)*4/(-3). Let o(c) = -c**2 + 8*c + 4. Let m be o(p). Give b(m).
8
Let u(q) = 5*q**2 + q - q**3 - 6*q - 13*q + 3 + 14*q. Suppose -3*j = -5*j + 8. Calculate u(j).
3
Let m(v) be the second derivative of -v**3/6 + 17*v**2/2 + 392*v. Calculate m(22).
-5
Let o(m) = -m**2 + 11*m - 19. Let z be o(8). Suppose s = 1 - z. Let g(y) = y + 5. Calculate g(s).
1
Let i(x) = -x**2 - x. Let w be (0/6)/((12/4)/3). What is i(w)?
0
Let p(o) be the third derivative of -o**5/60 - 7*o**4/24 + 13*o**3/6 + 71*o**2. Let d = 0 - 9. Determine p(d).
-5
Suppose 0 = -0*c - 4*c - 4*u - 4, -2 = -3*c - 2*u. Let t(v) = 2*v**3 - v - v**3 - 5*v**2 - 3 + c*v. Suppose 0 = -4*o + 2*o + 8. What is t(o)?
-7
Suppose -2*j + 21 = -3*q, -3*q + 5*j - 24 = 4*j. Let o(m) = -m - 12. What is o(q)?
-3
Let f(s) = s**2 - 7*s. Let o(l) = -l**3 - 15*l**2 + 36*l + 41. Let t be o(-17). Calculate f(t).
0
Let y(a) = a**3 + 21*a**2 + a + 12. Let w be y(-21). Let v(o) = o**2 + 9*o - 9. Give v(w).
-9
Let d(n) = -n + 8. Let h = -610 - -613. What is d(h)?
5
Let j(t) be the first derivative of -16 - 1/2*t**2 + 16*t. What is j(7)?
9
Let o(p) be the third derivative of p**4/24 - 17*p**3/6 + 9*p**2 + 2. What is o(15)?
-2
Let m(v) = 803 - 816 + 4*v + 0*v - 2*v. What is m(11)?
9
Let j(h) = -5*h + 2*h + 2*h - 3. Let d(y) = 1. Let i(k) = -3*d(k) + j(k). Calculate i(-6).
0
Let o be (1/24)/(11 - 430/40). Let b(g) be the second derivative of -o*g**3 + 8*g + 0 - 5/2*g**2. Determine b(-5).
0
Let t(j) = 13*j**3 - 4*j**2 + 9*j - 72. Let u(h) = -3*h**3 + h**2 - 2*h + 18. Let l(r) = -2*t(r) - 9*u(r). Calculate l(0).
-18
Let b(o) be the second derivative of 0 - 3*o**2 - 1/6*o**3 - o + 1/8*o**4 + 1/60*o**5. Let f(u) be the first derivative of b(u). Determine f(-3).
-1
Let u(b) = b. Let d(s) = s**3 + 10*s**2 + 12*s. Let z be d(-8). Let c = z + -34. Calculate u(c).
-2
Let z(p) = 10*p - 23*p - 20 + 12*p. Calculate z(-6).
-14
Let n(z) be the first derivative of 1/2*z**2 + 2*z - 8. Determine n(7).
9
Let p(d) = -12*d**3 + 2*d**2 + 2*d + 1. Suppose 5 = a + 1. Let b be (-1 - a/(-8))*6. Let i = 2 + b. Give p(i).
13
Let v(d) = 7*d - 4. Suppose -5*c = 4*i - 33, c + 11*i - 13*i - 1 = 0. Calculate v(c).
31
Suppose 15 = 4*a - a. Let g(w) = 4*w**2 + a*w + w**2 - w - 3*w**2. Calculate g(-3).
6
Suppose 2*r = 4*i, 0 = 82*r - 85*r - 4*i - 10. Let j(v) = -7*v**2 - 4*v + 1. Calculate j(r).
-19
Let g(y) = 3*y - 9. Let q(t) = -t**2 - 3*t - 4. Let d be q(-4). Let o = d - -17. Suppose -o = b + 3*j, 2*j - 8 = -4*b + 6. What is g(b)?
9
Let h(z) be the first derivative of z**3/3 + 3*z**2/2 + 2*z + 1. Let k(a) = -3*a**3 + 7 + 3*a**2 + 4*a**3 - 4 + a - 7*a**2. Let p be k(3). Give h(p).
2
Let x = 46 + -61. Let k be (1 - 2/10) + 27/x. Let a(u) = 5*u**2 - u - 1. Give a(k).
5
Let o be 1/4*(0 + 4). Let l(i) = o + i**2 + 3*i**2 - 3*i + 1 - 3*i**2. Calculate l(5).
12
Let h(z) be the first derivative of -z - 1/4*z**4 - 5/2*z**2 + 2*z**3 - 12. Calculate h(4).
11
Let p(m) = 37*m - 118. Let j be p(3). Let b(g) = -3*g - 19. Determine b(j).
2
Suppose -a + 2*a - 2 = 0. Let n(l) = 2 + 85*l + 23*l - 109*l. What is n(a)?
0
Let v be (4*(-1)/(-5))/(52/(-390)). Let x(g) = 7*g + 13. Let z(j) = -j - 1. Let f(b) = -x(b) - 2*z(b). Let s(a) = -a - 1. Let i(n) = -f(n) + 3*s(n). Give i(v).
-4
Let h(b) be the third derivative of b**5/30 + b**4/8 - 3*b**3/2 - 80*b**2 - 2*b. Calculate h(-4).
11
Suppose 9*y - 4*y = 5. Let z be 7 - (-4)/y*(-2)/4. Let c(m) = -m**3 + m**2. Let k(i) = 2*i**3 + 3*i**2 - 6*i - 4. Let h(v) = -3*c(v) - k(v). Calculate h(z).
9
Let d(o) be the first derivative of o**4/4 + o**3/3 + o**2/2 - 3*o + 11. Suppose -3 - 12 = -5*s. Suppose s*z - 1 - 11 = -3*c, 20 = 3*c + 5*z. What is d(c)?
-3
Let m = 17 + -16. Let k = 3 + m. Let i(w) = 3*w**2 + 2 - 4*w + 0*w**2 - 4*w**2 - k. Determine i(-2).
2
Let f(u) = -2*u**2 - 21*u + 12. Let s(w) = 16*w - 6 + w**2 + 18*w - 23*w. Let x(p) = 6*f(p) + 11*s(p). Determine x(-6).
0
Suppose -6*k = -5 + 17. Let h(n) = 5*n**2 - n + 1. Give h(k).
23
Let w(a) = -4*a - 17. Let s(h) = -5*h - 19. Let t(q) = -5*s(q) + 6*w(q). What is t(6)?
-1
Suppose -19 + 2 = -3*j - 2*h, -j - h = -7. Let v(p) = -p - p**3 + 0*p**j + 21*p**2 - 23*p**2 + 2*p**3 - 1. Give v(2).
-3
Suppose 5*d + 0*d = -5. Let v(o) = 29*o**2 + o - 4. Let t(c) = -76*c**2 - 2*c + 11. Let k(x) = -3*t(x) - 8*v(x). Give k(d).
-3
Let n be (7/(-2))/(5/2 - 3). Let v(k) = 3*k**3 - 4 + n*k**3 - 11*k**3 + 6*k**2. Suppose 3*w = -2*i + 6*w, 2*i = -4*w + 28. Calculate v(i).
-4
Suppose -5*l + 32 = 2*o + 5, 1 = o. Let d(t) = -t + 0 + 4 - 2. Calculate d(l).
-3
Let a(f) = 3*f - 58. Let m(s) = -9*s + 165. Let i(h) = 17*a(h) + 6*m(h). Calculate i(-1).
7
Let d(b) = -2*b - 3. Let t be d(-3). Let w(x) = 0*x + x + x**t - 1 + 2*x**2 + 3. Suppose -6*i - 30 = 9*i. Give w(i).
0
Let a = 193 - 114. Suppose 4*c + 10*l - a = 5*l, 0 = -2*c + 3*l + 23. Suppose 0 = -17*g + c*g. Let v(u) = u**3 - u**2 + 2. Calculate v(g).
2
Suppose -o + 5*d = 25, -4*o - 5*d + 38 - 63 = 0. Let y(z) = z**3 + 12*z**2 + 19*z - 11. Give y(o).
-1
Let f(l) = 9*l**3 + 2*l**2 - 1. Let y(r) = -r**3 + 4*r**2 - 6. Let b be y(3). Suppose n + 2 = b. Give f(n).
10
Let g(d) = -d**2 - 5*d + 6. Let b(z) = 6*z**2 + 24*z - 30. Let k(o) = -2*b(o) - 11*g(o). Give k(5).
4
Let g(z) = 2*z. Let c = 141 - 140. Calculate g(c).
2
Let y(b) be the first derivative of 7*b**3/3 - b - 2. Let q(j) = j + 8. Suppose -16 = 3*h - 2*p + 17, 0 = 4*p - 12. Let s be q(h). Determine y(s).
6
Let b(a) = -a**2 + 16*a - 4. Let k be b(16). Let d(r) = 103*r + 2*r**2 - 3 - r**2 - 101*r. What is d(k)?
5
Let h(r) = 0 + 1 - 10*r + 15*r**2 + 7*r**2 - 23*r**2. Calculate h(-9).
10
Let p be 3 + (1/3*9 - 0). Suppose -2*w - 4 = -4*o, -6*w - p = -3*w - 4*o. Let l(a) = 3*a**2 - 2*a + 1. Calculate l(w).
17
Let o(n) = -n**3 + 9*n**2 + 13. Let d = -1713 + 1722. What is o(d)?
13
Suppose 2*c + 6 - 2 = 3*g, 6 = 2*c + 2*g. Suppose -p = c - 2. Let t(z) = -3*z - 7. Let v(w) = -2*w - 4. Let j(y) = -3*t(y) + 5*v(y). What is j(p)?
0
Let y be (165/(-30))/((-1)/2). Let a(r) = y*r - 4*r - r - 1 - 5*r. Determine a(4).
3
Let l(a) be the first derivative of a**3/3 - a**2/2 - a - 2116. Let p = -7 - -10. Suppose -2*h - h = -5*g + 13, -4*g - 5*h = -p. Give l(g).
1
Let o(x) be the second derivative of 0*x**4 + 1/360*x**6 - 4/3*x**3 + 0 + 0*x**2 + 1/120*x**5 + x. Let r(y) be the second derivative of o(y). Determine r(2).
6
Suppose 27*l - 28*l = -5. Let t(y) = 4*y**2 - 8*y + 7. Let a(d) = -7*d**2 + 14*d - 13. Let x(w) = l*t(w) + 3*a(w). Give x(4).
-12
Let o(k) = k + 6. Let s be (-24)/2*(-6)/12. Suppose s = -2*l + 16. Suppose 0 = -l*v - 16 - 9. What is o(v)?
1
Let r = -13 - -15. Let z(t) be the second derivative of 1/6*t**3 + 0 + 1/6*t**4 + 1/2*t**2 - 2*t. Determine z(r).
11
Let k(u) = u**3 + 3*u**2 + 4*u + 2. Suppose 22*m + 3 + 41 = 0. What is k(m)?
-2
Let t(r) be the third derivative of -r**6/120 + r**5/10 + r**4/4 + 5*r**3/3 + r**2. Let x(i) = -99*i + 7. Let s be x(0). What is t(s)?
3
Let k(z) = -2*z - 31. Let y(x) = -4*x - 62. Let s(h) = -5*k(h) + 2*y(h). What is s(-19)?
-7
Suppose 1508*s = 1498*s + 70. Let k(v) = -v**3 + 6*v**2 + 3*v + 18. Calculate k(s).
-10
Let y(j) = 2*j**2 + j - 4. Let a be y(-2). Let q be (20/(-30))/(a/(-15)). Let p(s) = s**3 - 1 + 6*s**2 - q*s - 2*s**3 + 8. What is p(5)?
7
Let c(d) be the second derivative of -d**6/120 - d**5/120 + d**4/24 + 23*d**3/3 - d**2 + 11*d. Let m(v) be the second derivative of c(v). Determine m(-3).
-23
Let s(d) = -d**3 + 12*d**2 + 13*d - 12. Let y(x) = 4*x - 59. Let k be y(18). Determine s(k).
-12
Let j = -1689 - -1694. Let y(s) = 4*s - 1. Determine y(j).
19
Let h(f) = -2*f. Let u be h(-